{"id":1090,"date":"2019-01-23T13:24:06","date_gmt":"2019-01-23T13:24:06","guid":{"rendered":"https:\/\/inversime.com\/index.php\/product\/aluminum-plant\/"},"modified":"2022-12-08T09:00:55","modified_gmt":"2022-12-08T15:00:55","slug":"italiana-roja","status":"publish","type":"product","link":"https:\/\/inversime.com\/index.php\/product\/italiana-roja\/","title":{"rendered":"Lechuga sangr\u00eda"},"content":{"rendered":"<p>Lechuga sangr\u00eda hidrop\u00f3nica<\/p>\n","protected":false},"excerpt":{"rendered":"<p>Libre de insecticidas, pesticidas y fungicidas.<\/p>\n<p>Se recomienda mantener las ra\u00edces hidratadas y las hojas secas en un lugar fresco.<\/p>\n","protected":false},"featured_media":1228,"comment_status":"open","ping_status":"closed","template":"","meta":{"_joinchat":[]},"class_list":["post-1090","product","type-product","status-publish","has-post-thumbnail","hentry","product_cat-hortalizas"],"_links":{"self":[{"href":"https:\/\/inversime.com\/index.php\/wp-json\/wp\/v2\/product\/1090","targetHints":{"allow":["GET"]}}],"collection":[{"href":"https:\/\/inversime.com\/index.php\/wp-json\/wp\/v2\/product"}],"about":[{"href":"https:\/\/inversime.com\/index.php\/wp-json\/wp\/v2\/types\/product"}],"replies":[{"embeddable":true,"href":"https:\/\/inversime.com\/index.php\/wp-json\/wp\/v2\/comments?post=1090"}],"version-history":[{"count":3,"href":"https:\/\/inversime.com\/index.php\/wp-json\/wp\/v2\/product\/1090\/revisions"}],"predecessor-version":[{"id":1233,"href":"https:\/\/inversime.com\/index.php\/wp-json\/wp\/v2\/product\/1090\/revisions\/1233"}],"wp:featuredmedia":[{"embeddable":true,"href":"https:\/\/inversime.com\/index.php\/wp-json\/wp\/v2\/media\/1228"}],"wp:attachment":[{"href":"https:\/\/inversime.com\/index.php\/wp-json\/wp\/v2\/media?parent=1090"}],"curies":[{"name":"wp","href":"https:\/\/api.w.org\/{rel}","templated":true}]}}