{"id":1088,"date":"2019-01-23T13:20:21","date_gmt":"2019-01-23T13:20:21","guid":{"rendered":"https:\/\/inversime.com\/index.php\/product\/green-soil-lotus\/"},"modified":"2023-01-10T14:59:57","modified_gmt":"2023-01-10T20:59:57","slug":"mangos-gde","status":"publish","type":"product","link":"https:\/\/inversime.com\/index.php\/product\/mangos-gde\/","title":{"rendered":"Mangos en alm\u00edbar"},"content":{"rendered":"<p>Deliciosos mangos ni\u00f1o en alm\u00edbar.<\/p>\n","protected":false},"excerpt":{"rendered":"<p>Una vez abiertos en necesario mantener en refrigeraci\u00f3n.<\/p>\n<p>Pu\u00e9balos solos, con crema, en tu ensalada o como m\u00e1s se te antoje, \u00a1Te van a encantar!<\/p>\n","protected":false},"featured_media":1334,"comment_status":"open","ping_status":"closed","template":"","meta":{"_joinchat":[]},"class_list":["post-1088","product","type-product","status-publish","has-post-thumbnail","hentry","product_cat-conservas"],"_links":{"self":[{"href":"https:\/\/inversime.com\/index.php\/wp-json\/wp\/v2\/product\/1088","targetHints":{"allow":["GET"]}}],"collection":[{"href":"https:\/\/inversime.com\/index.php\/wp-json\/wp\/v2\/product"}],"about":[{"href":"https:\/\/inversime.com\/index.php\/wp-json\/wp\/v2\/types\/product"}],"replies":[{"embeddable":true,"href":"https:\/\/inversime.com\/index.php\/wp-json\/wp\/v2\/comments?post=1088"}],"version-history":[{"count":2,"href":"https:\/\/inversime.com\/index.php\/wp-json\/wp\/v2\/product\/1088\/revisions"}],"predecessor-version":[{"id":1222,"href":"https:\/\/inversime.com\/index.php\/wp-json\/wp\/v2\/product\/1088\/revisions\/1222"}],"wp:featuredmedia":[{"embeddable":true,"href":"https:\/\/inversime.com\/index.php\/wp-json\/wp\/v2\/media\/1334"}],"wp:attachment":[{"href":"https:\/\/inversime.com\/index.php\/wp-json\/wp\/v2\/media?parent=1088"}],"curies":[{"name":"wp","href":"https:\/\/api.w.org\/{rel}","templated":true}]}}