{"id":1083,"date":"2019-01-23T10:58:30","date_gmt":"2019-01-23T10:58:30","guid":{"rendered":"https:\/\/inversime.com\/index.php\/product\/cleistocactus\/"},"modified":"2020-07-24T03:16:38","modified_gmt":"2020-07-24T02:16:38","slug":"duraznos-md","status":"publish","type":"product","link":"https:\/\/inversime.com\/index.php\/product\/duraznos-md\/","title":{"rendered":"Duraznos en alm\u00edbar MD"},"content":{"rendered":"<p>Duraznos en alm\u00edbar frasco peque\u00f1o<\/p>\n","protected":false},"excerpt":{"rendered":"<p>Deliciosos duraznos\u00a0 en alm\u00edbar<\/p>\n","protected":false},"featured_media":0,"comment_status":"open","ping_status":"closed","template":"","meta":{"_joinchat":[]},"class_list":["post-1083","product","type-product","status-publish","hentry","product_cat-conservas"],"_links":{"self":[{"href":"https:\/\/inversime.com\/index.php\/wp-json\/wp\/v2\/product\/1083","targetHints":{"allow":["GET"]}}],"collection":[{"href":"https:\/\/inversime.com\/index.php\/wp-json\/wp\/v2\/product"}],"about":[{"href":"https:\/\/inversime.com\/index.php\/wp-json\/wp\/v2\/types\/product"}],"replies":[{"embeddable":true,"href":"https:\/\/inversime.com\/index.php\/wp-json\/wp\/v2\/comments?post=1083"}],"version-history":[{"count":2,"href":"https:\/\/inversime.com\/index.php\/wp-json\/wp\/v2\/product\/1083\/revisions"}],"predecessor-version":[{"id":1238,"href":"https:\/\/inversime.com\/index.php\/wp-json\/wp\/v2\/product\/1083\/revisions\/1238"}],"wp:attachment":[{"href":"https:\/\/inversime.com\/index.php\/wp-json\/wp\/v2\/media?parent=1083"}],"curies":[{"name":"wp","href":"https:\/\/api.w.org\/{rel}","templated":true}]}}